What are the prime factors of 6544969?
1303, 5023
List the prime factors of 22998164.
2, 7, 37, 79, 281
List the prime factors of 13795381.
17, 811493
List the prime factors of 12126925.
5, 509, 953
What are the prime factors of 878998?
2, 283, 1553
List the prime factors of 21929666.
2, 11, 996803
List the prime factors of 253076.
2, 151, 419
What are the prime factors of 662734?
2, 331367
List the prime factors of 45009.
3, 1667
List the prime factors of 8934008.
2, 1116751
List the prime factors of 46426.
2, 139, 167
What are the prime factors of 6324376?
2, 790547
What are the prime factors of 15439?
15439
What are the prime factors of 380611?
7, 11, 4943
What are the prime factors of 642464?
2, 17, 1181
List the prime factors of 1025.
5, 41
What are the prime factors of 7762520?
2, 5, 47, 4129
What are the prime factors of 2827251?
3, 7, 2137
What are the prime factors of 280573?
19, 14767
List the prime factors of 871591.
7, 124513
List the prime factors of 894581.
894581
What are the prime factors of 271635?
3, 5, 7, 13, 199
What are the prime factors of 267414?
2, 3, 7, 6367
List the prime factors of 125920.
2, 5, 787
What are the prime factors of 241835?
5, 11, 4397
What are the prime factors of 10083457?
43, 234499
What are the prime factors of 3100966?
2, 11, 47, 2999
What are the prime factors of 94909?
107, 887
List the prime factors of 26041299.
3, 97, 109, 821
What are the prime factors of 111313?
157, 709
What are the prime factors of 4456162?
2, 2228081
List the prime factors of 30059843.
11, 19, 143827
List the prime factors of 8163784.
2, 331, 3083
List the prime factors of 96435.
3, 5, 2143
List the prime factors of 261062.
2, 130531
What are the prime factors of 1620860?
2, 5, 81043
List the prime factors of 7803156.
2, 3, 757, 859
List the prime factors of 77392.
2, 7, 691
What are the prime factors of 6198317?
6198317
List the prime factors of 1680288.
2, 3, 23, 761
List the prime factors of 922105.
5, 223, 827
List the prime factors of 747068.
2, 7, 26681
List the prime factors of 5976349.
29, 206081
List the prime factors of 26666160.
2, 3, 5, 111109
List the prime factors of 1884339.
3, 209371
What are the prime factors of 174190?
2, 5, 17419
List the prime factors of 3836809.
3836809
List the prime factors of 1717283.
1717283
What are the prime factors of 103042?
2, 51521
What are the prime factors of 1399731?
3, 113, 4129
List the prime factors of 2615736.
2, 3, 73, 1493
List the prime factors of 2282580.
2, 3, 5, 1409
List the prime factors of 8590749.
3, 83, 34501
What are the prime factors of 10405046?
2, 19, 83, 3299
What are the prime factors of 2600021?
53, 49057
List the prime factors of 498225.
3, 5, 7, 13, 73
What are the prime factors of 11793016?
2, 1474127
What are the prime factors of 185284?
2, 11, 4211
List the prime factors of 17624863.
17624863
List the prime factors of 5683755.
3, 5, 7, 11, 19, 37
What are the prime factors of 3164672?
2, 7, 883
List the prime factors of 112466.
2, 53, 1061
What are the prime factors of 981956?
2, 31, 7919
List the prime factors of 10360393.
10360393
What are the prime factors of 8558542?
2, 31, 138041
List the prime factors of 1573127.
79, 19913
What are the prime factors of 409532?
2, 43, 2381
What are the prime factors of 7035952?
2, 7, 11, 5711
What are the prime factors of 5713877?
13, 53, 8293
List the prime factors of 2252150.
2, 5, 31, 1453
List the prime factors of 5856510.
2, 3, 5, 11, 17747
What are the prime factors of 206120?
2, 5, 5153
List the prime factors of 348458.
2, 11, 47, 337
What are the prime factors of 3527831?
31, 3671
List the prime factors of 421417.
421417
List the prime factors of 43686970.
2, 5, 47, 92951
List the prime factors of 30627.
3, 41, 83
What are the prime factors of 7895364?
2, 3, 657947
List the prime factors of 13373069.
3217, 4157
List the prime factors of 1953921.
3, 67, 9721
List the prime factors of 152584.
2, 19073
List the prime factors of 3661978.
2, 769, 2381
What are the prime factors of 19031658?
2, 3, 3171943
What are the prime factors of 343203?
3, 7, 59, 277
What are the prime factors of 1997027?
29, 68863
List the prime factors of 1210121.
11, 73, 137
List the prime factors of 645628.
2, 161407
What are the prime factors of 165833?
165833
List the prime factors of 315212.
2, 78803
List the prime factors of 693218.
2, 271, 1279
List the prime factors of 8805177.
3, 269, 3637
What are the prime factors of 144922?
2, 72461
What are the prime factors of 4295486?
2, 13, 165211
List the prime factors of 401096.
2, 181, 277
What are the prime factors of 787811?
787811
List the prime factors of 1030651.
137, 7523
List the prime factors of 632028.
2, 3, 31, 1699
List the prime factors of 458497.
13, 2713
What are the prime factors of 67213?
67213
What are the prime factors of 269503?
13, 20731
List the prime factors of 30463775.
5, 29, 42019
List the prime factors of 546511.
7, 101, 773
List the prime factors of 8589208.
2, 1073651
List the prime factors of 1302440.
2, 5, 32561
List the prime factors of 4704751.
4704751
What are the prime factors of 3000560?
2, 5, 37507
List the prime factors of 3916178.
2, 7, 89, 449
List the prime factors of 24145766.
2, 1619, 7457
List the prime factors of 2588823.
3, 313, 919
What are the prime factors of 85701?
3, 7, 11, 53
List the prime factors of 227187.
3, 25243
List the prime factors of 14303110.
2, 5, 53, 26987
What are the prime factors of 257372?
2, 37, 47
List the prime factors of 36175963.
29, 1247447
List the prime factors of 15618471.
3, 11, 473287
What are the prime factors of 4322413?
23, 187931
List the prime factors of 5424755.
5, 7, 37, 59, 71
List the prime factors of 7987687.
7987687
What are the prime factors of 1297195?
5, 31, 8369
What are the prime factors of 244643?
7, 34949
List the prime factors of 1906176.
2, 3, 17, 73
List the prime factors of 7601908.
2, 211, 9007
List the prime factors of 1049891.
1049891
What are the prime factors of 1536833?
331, 4643
What are the prime factors of 114717?
3, 38239
List the prime factors of 2325708.
2, 3, 7, 11, 839
List the prime factors of 1160282.
2, 71, 8171
List the prime factors of 3157812.
2, 3, 7, 4177
List the prime factors of 196300.
2, 5, 13, 151
List the prime factors of 805550.
2, 5, 16111
List the prime factors of 673801.
673801
What are the prime factors of 30495797?
197, 283, 547
List the prime factors of 707204.
2, 23, 7687
List the prime factors of 6503.
7, 929
List the prime factors of 3866504.
2, 443, 1091
What are the prime factors of 12554802?
2, 3, 13, 53653
List the prime factors of 2438052.
2, 3, 137, 1483
What are the prime factors of 3528975?
3, 5, 211, 223
List the prime factors of 12994641.
3, 11, 43753
List the prime factors of 148429.
148429
What are the prime factors of 197731?
23, 8597
List the prime factors of 3088560.
2, 3, 5, 17, 757
What are the prime factors of 11965818?
2, 3, 839, 2377
List the prime factors of 14793050.
2, 5, 295861
List the prime factors of 1473021.
3, 11, 14879
What are the prime factors of 276049?
276049
List the prime factors of 712600.
2, 5, 7, 509
What are the prime factors of 396449?
396449
List the prime factors of 1396548.
2, 3, 67, 193
What are the prime factors of 15776?
2, 17, 29
What are the prime factors of 860800?
2, 5, 269
What are the prime factors of 792220?
2, 5, 11, 13, 277
List the prime factors of 20415343.
13, 47, 33413
List the prime factors of 26361.
3, 29, 101
List the prime factors of 3165297.
3, 163, 6473
List the prime factors of 8341566.
2, 3, 181, 7681
List the prime factors of 1427564.
2, 23, 59, 263
What are the prime factors of 106201?
61, 1741
List the prime factors of 11205866.
2, 7, 800419
List the prime factors of 669915.
3, 5, 14887
List the prime factors of 17245010.
2, 5, 41, 42061
List the prime factors of 2664945.
3, 5, 59221
List the prime factors of 10492959.
3, 19, 184087
List the prime factors of 771054.
2, 3, 128509
What are the prime factors of 87548?
2, 43, 509
List the prime factors of 168307.
47, 3581
List the prime factors of 72147.
3, 24049
What are the prime factors of 11929045?
5, 2385809
What are the prime factors of 40616?
2, 5077
List the prime factors of 181560.
2, 3, 5, 17, 89
What are the prim